me factors of 4199917.
41, 102437
What are the prime factors of 128348?
2, 11, 2917
List the prime factors of 2303988.
2, 3, 191999
List the prime factors of 818127.
3, 157, 193
List the prime factors of 76830.
2, 3, 5, 13, 197
List the prime factors of 18310043.
18310043
What are the prime factors of 1355231?
43, 31517
What are the prime factors of 295704?
2, 3, 37
What are the prime factors of 8971693?
8971693
What are the prime factors of 1140851?
1140851
List the prime factors of 453319.
227, 1997
List the prime factors of 534589.
11, 23, 2113
List the prime factors of 400350.
2, 3, 5, 17, 157
List the prime factors of 327226.
2, 163613
List the prime factors of 584190.
2, 3, 5, 6491
List the prime factors of 35223.
3, 59, 199
What are the prime factors of 1199824?
2, 31, 41, 59
What are the prime factors of 191590?
2, 5, 7, 17, 23
List the prime factors of 1454832.
2, 3, 10103
What are the prime factors of 381618?
2, 3, 37, 191
List the prime factors of 4210567.
73, 57679
List the prime factors of 107228.
2, 11, 2437
List the prime factors of 2151876.
2, 3, 103, 1741
List the prime factors of 272430.
2, 3, 5, 1009
List the prime factors of 111835.
5, 22367
What are the prime factors of 1377163?
691, 1993
List the prime factors of 15167.
29, 523
What are the prime factors of 2735078?
2, 1367539
What are the prime factors of 29469?
3, 11, 19, 47
List the prime factors of 200749.
367, 547
What are the prime factors of 24435?
3, 5, 181
What are the prime factors of 298969?
11, 27179
List the prime factors of 59026.
2, 11, 2683
List the prime factors of 1542558.
2, 3, 257093
List the prime factors of 3114179.
17, 37, 4951
List the prime factors of 1250918.
2, 59, 10601
List the prime factors of 130124.
2, 32531
What are the prime factors of 20111862?
2, 3, 277, 12101
List the prime factors of 13805550.
2, 3, 5, 11, 2789
What are the prime factors of 13720449?
3, 4573483
What are the prime factors of 366114?
2, 3, 7, 23, 379
What are the prime factors of 362416?
2, 22651
What are the prime factors of 9862261?
17, 580133
List the prime factors of 11769170.
2, 5, 7, 19, 8849
List the prime factors of 238138.
2, 119069
List the prime factors of 4250581.
337, 12613
What are the prime factors of 173347?
173347
What are the prime factors of 44200?
2, 5, 13, 17
List the prime factors of 276978.
2, 3, 13, 53, 67
List the prime factors of 1812586.
2, 906293
List the prime factors of 1050090.
2, 3, 5, 17, 29, 71
List the prime factors of 756538.
2, 378269
What are the prime factors of 41593654?
2, 4339, 4793
What are the prime factors of 215266?
2, 37, 2909
What are the prime factors of 2491467?
3, 11, 103, 733
List the prime factors of 6098636.
2, 37, 89, 463
List the prime factors of 2239853.
7, 11, 19, 1531
List the prime factors of 443953.
443953
List the prime factors of 3649302.
2, 3, 29, 6991
List the prime factors of 5439780.
2, 3, 5, 47, 643
What are the prime factors of 1513306?
2, 17, 47, 947
What are the prime factors of 4419454?
2, 13, 43, 59, 67
List the prime factors of 5662265.
5, 7, 161779
What are the prime factors of 12853911?
3, 7, 37, 71, 233
List the prime factors of 3179472.
2, 3, 66239
What are the prime factors of 149238?
2, 3, 8291
What are the prime factors of 418428?
2, 3, 59, 197
List the prime factors of 1099621.
1099621
What are the prime factors of 3932478?
2, 3, 11, 19861
What are the prime factors of 27535052?
2, 6883763
What are the prime factors of 639277?
191, 3347
What are the prime factors of 174444?
2, 3, 14537
List the prime factors of 1869056.
2, 7, 149
List the prime factors of 388679.
97, 4007
List the prime factors of 13690702.
2, 6845351
What are the prime factors of 209612?
2, 13, 29, 139
What are the prime factors of 3350191?
13, 257707
What are the prime factors of 239968?
2, 7499
List the prime factors of 6463065.
3, 5, 7, 61553
List the prime factors of 296715.
3, 5, 131, 151
List the prime factors of 6039168.
2, 3, 15727
What are the prime factors of 5644034?
2, 11, 17, 15091
What are the prime factors of 83303?
11, 7573
What are the prime factors of 5991916?
2, 7, 19, 1609
What are the prime factors of 529943?
23, 23041
List the prime factors of 2559478.
2, 131, 9769
What are the prime factors of 2975879?
2975879
List the prime factors of 198006.
2, 3, 61, 541
List the prime factors of 656631.
3, 72959
List the prime factors of 730697.
11, 181, 367
What are the prime factors of 243330?
2, 3, 5, 8111
List the prime factors of 5719748.
2, 31, 193, 239
List the prime factors of 343708.
2, 29, 2963
List the prime factors of 580237.
7, 82891
List the prime factors of 509794.
2, 41, 6217
What are the prime factors of 151027?
151027
What are the prime factors of 156882?
2, 3, 11, 2377
What are the prime factors of 3191895?
3, 5, 7, 10133
What are the prime factors of 3386811?
3, 1128937
List the prime factors of 6016151.
449, 13399
List the prime factors of 3630339.
3, 44819
What are the prime factors of 605575?
5, 24223
List the prime factors of 106258.
2, 53129
What are the prime factors of 16545278?
2, 89, 92951
What are the prime factors of 22459?
37, 607
What are the prime factors of 301208?
2, 23, 1637
What are the prime factors of 384534?
2, 3, 7121
List the prime factors of 3330392.
2, 13, 31, 1033
What are the prime factors of 11711468?
2, 2927867
What are the prime factors of 33194?
2, 7, 2371
List the prime factors of 5238220.
2, 5, 13, 20147
List the prime factors of 34143.
3, 19, 599
List the prime factors of 537807.
3, 179269
What are the prime factors of 2332184?
2, 37, 7879
What are the prime factors of 32525990?
2, 5, 7, 131, 3547
What are the prime factors of 300492?
2, 3, 17, 491
What are the prime factors of 683621?
17, 40213
What are the prime factors of 1713523?
7, 23, 29, 367
What are the prime factors of 8026864?
2, 199, 2521
List the prime factors of 5545742.
2, 41, 67631
What are the prime factors of 18018?
2, 3, 7, 11, 13
List the prime factors of 9352171.
9352171
List the prime factors of 423122.
2, 7, 30223
What are the prime factors of 11644?
2, 41, 71
List the prime factors of 94028.
2, 11, 2137
What are the prime factors of 11465261?
1171, 9791
What are the prime factors of 2303503?
19, 41, 2957
List the prime factors of 491222.
2, 79, 3109
List the prime factors of 8756472.
2, 3, 364853
List the prime factors of 1762111.
13, 89, 1523
What are the prime factors of 256276?
2, 79, 811
What are the prime factors of 13029414?
2, 3, 53, 40973
What are the prime factors of 23769270?
2, 3, 5, 7, 29, 1301
List the prime factors of 542646.
2, 3, 13, 773
What are the prime factors of 15337868?
2, 7, 13, 29, 1453
List the prime factors of 150140.
2, 5, 7507
List the prime factors of 1865229.
3, 53, 11731
List the prime factors of 2144605.
5, 349, 1229
List the prime factors of 950227.
950227
What are the prime factors of 14768241?
3, 41, 120067
List the prime factors of 2073441.
3, 691147
List the prime factors of 6648626.
2, 1051, 3163
What are the prime factors of 165220?
2, 5, 11, 751
List the prime factors of 750078.
2, 3, 7, 5953
List the prime factors of 9970913.
41, 157, 1549
What are the prime factors of 535505?
5, 107101
List the prime factors of 1645725.
3, 5, 21943
What are the prime factors of 82238?
2, 13, 3163
What are the prime factors of 7560233?
19, 397907
What are the prime factors of 275728?
2, 19, 907
List the prime factors of 61964.
2, 7, 2213
List the prime factors of 2196927.
3, 17, 83, 173
List the prime factors of 2153235.
3, 5, 7, 20507
What are the prime factors of 536026?
2, 268013
What are the prime factors of 13256186?
2, 19, 199, 1753
List the prime factors of 27866136.
2, 3, 191, 6079
What are the prime factors of 17102908?
2, 4275727
List the prime factors of 22857.
3, 19, 401
List the prime factors of 5299556.
2, 19, 103, 677
What are the prime factors of 6655028?
2, 283, 5879
List the prime factors of 8022639.
3, 43, 62191
What are the prime factors of 518351?
23, 31, 727
List the prime factors of 6939552.
2, 3, 72287
What are the prime factors of 221797?
221797
What are the prime factors of 360418?
2, 307, 587
List the prime factors of 308547.
3, 34283
List the prime factors of 1195005.
3, 5, 7, 19, 599
List the prime factors of 381382.
2, 41, 4651